alculate the remainder when 3764 is divided by 1434.
896
What is the remainder when 118628 is divided by 441?
440
What is the remainder when 25016165 is divided by 753?
752
What is the remainder when 4719 is divided by 27?
21
Calculate the remainder when 885139 is divided by 27.
25
Calculate the remainder when 38247 is divided by 153.
150
Calculate the remainder when 114910 is divided by 144.
142
What is the remainder when 2547415 is divided by 263?
260
Calculate the remainder when 35226 is divided by 132.
114
Calculate the remainder when 12925 is divided by 31.
29
Calculate the remainder when 152577 is divided by 7.
5
Calculate the remainder when 42916 is divided by 29.
25
Calculate the remainder when 124868 is divided by 5.
3
Calculate the remainder when 1338399 is divided by 97.
90
What is the remainder when 6120 is divided by 226?
18
What is the remainder when 5426 is divided by 151?
141
Calculate the remainder when 74079 is divided by 17.
10
Calculate the remainder when 4504 is divided by 621.
157
What is the remainder when 3685 is divided by 614?
1
What is the remainder when 13287 is divided by 13265?
22
Calculate the remainder when 6111 is divided by 16.
15
Calculate the remainder when 10714 is divided by 3565.
19
Calculate the remainder when 166 is divided by 145.
21
Calculate the remainder when 82992 is divided by 238.
168
What is the remainder when 20234 is divided by 9692?
850
What is the remainder when 3660 is divided by 419?
308
What is the remainder when 23176 is divided by 3308?
20
Calculate the remainder when 3279 is divided by 100.
79
Calculate the remainder when 132100 is divided by 96.
4
What is the remainder when 65998 is divided by 60?
58
Calculate the remainder when 15721 is divided by 326.
73
Calculate the remainder when 414 is divided by 57.
15
What is the remainder when 232619 is divided by 15?
14
Calculate the remainder when 8345 is divided by 596.
1
What is the remainder when 3530 is divided by 17?
11
What is the remainder when 16369 is divided by 1240?
249
What is the remainder when 14734 is divided by 17?
12
What is the remainder when 54428 is divided by 285?
278
What is the remainder when 1576077 is divided by 9?
6
Calculate the remainder when 2605432 is divided by 51.
46
What is the remainder when 20173 is divided by 16?
13
Calculate the remainder when 14824 is divided by 309.
301
What is the remainder when 8269 is divided by 637?
625
Calculate the remainder when 9305 is divided by 774.
17
What is the remainder when 1764 is divided by 442?
438
Calculate the remainder when 1281183 is divided by 1962.
1959
Calculate the remainder when 4959 is divided by 84.
3
Calculate the remainder when 1788 is divided by 1092.
696
Calculate the remainder when 90173 is divided by 60.
53
What is the remainder when 81918 is divided by 59?
26
Calculate the remainder when 53385 is divided by 10644.
165
Calculate the remainder when 92020 is divided by 46004.
12
What is the remainder when 864227 is divided by 4135?
12
Calculate the remainder when 22514 is divided by 16.
2
Calculate the remainder when 1086 is divided by 137.
127
What is the remainder when 26482 is divided by 12?
10
Calculate the remainder when 5910 is divided by 81.
78
What is the remainder when 3092 is divided by 1017?
41
What is the remainder when 12232 is divided by 119?
94
Calculate the remainder when 400726 is divided by 917.
914
What is the remainder when 22948 is divided by 1518?
178
What is the remainder when 75778 is divided by 110?
98
Calculate the remainder when 6555 is divided by 3255.
45
What is the remainder when 21270 is divided by 69?
18
Calculate the remainder when 35207 is divided by 291.
287
What is the remainder when 5595 is divided by 155?
15
Calculate the remainder when 8609 is divided by 4.
1
What is the remainder when 14375 is divided by 802?
741
What is the remainder when 11893 is divided by 28?
21
What is the remainder when 512 is divided by 128?
0
Calculate the remainder when 43419 is divided by 22.
13
What is the remainder when 149982 is divided by 208?
14
What is the remainder when 12503 is divided by 657?
20
What is the remainder when 37228 is divided by 189?
184
Calculate the remainder when 51453 is divided by 64.
61
What is the remainder when 98022 is divided by 39?
15
Calculate the remainder when 864 is divided by 82.
44
Calculate the remainder when 2270 is divided by 279.
38
What is the remainder when 5420 is divided by 67?
60
What is the remainder when 2734 is divided by 73?
33
What is the remainder when 414556 is divided by 136?
28
Calculate the remainder when 85888 is divided by 11.
0
What is the remainder when 12499 is divided by 125?
124
Calculate the remainder when 2332 is divided by 579.
16
Calculate the remainder when 127445 is divided by 89.
86
What is the remainder when 500189 is divided by 200?
189
What is the remainder when 1885 is divided by 917?
51
Calculate the remainder when 16557 is divided by 2056.
109
Calculate the remainder when 31104 is divided by 3104.
64
Calculate the remainder when 725689 is divided by 2.
1
Calculate the remainder when 44045 is divided by 124.
25
What is the remainder when 4348 is divided by 47?
24
Calculate the remainder when 133503 is divided by 133500.
3
Calculate the remainder when 5290 is divided by 45.
25
Calculate the remainder when 32443 is divided by 309.
307
Calculate the remainder when 2352 is divided by 2085.
267
What is the remainder when 20067 is divided by 527?
41
Calculate the remainder when 511127 is divided by 24.
23
Calculate the remainder when 4899 is divided by 45.
39
What is the remainder when 17012 is divided by 45?
2
Calculate the remainder when 196481 is divided by 286.
285
What is the remainder when 32072 is divided by 401?
393
Calculate the remainder when 105783 is divided by 136.
111
What is the remainder when 520673 is divided by 514?
505
What is the remainder when 3389 is divided by 660?
89
Calculate the remainder when 19063 is divided by 9292.
479
Calculate the remainder when 108908 is divided by 767.
761
Calculate the remainder when 73929 is divided by 12.
9
What is the remainder when 1539 is divided by 1448?
91
What is the remainder when 41189 is divided by 7?
1
What is the remainder when 18731 is divided by 226?
199
Calculate the remainder when 379911 is divided by 3114.
3
What is the remainder when 1592 is divided by 35?
17
What is the remainder when 43580 is divided by 8688?
140
Calculate the remainder when 797 is divided by 20.
17
What is the remainder when 2129885 is divided by 62?
61
What is the remainder when 9619 is divided by 72?
43
What is the remainder when 37064 is divided by 170?
4
Calculate the remainder when 31631 is divided by 8.
7
What is the remainder when 10478 is divided by 10476?
2
What is the remainder when 15511 is divided by 1550?
11
Calculate the remainder when 1140 is divided by 545.
50
Calculate the remainder when 11044 is divided by 47.
46
What is the remainder when 2908 is divided by 152?
20
Calculate the remainder when 484 is divided by 128.
100
Calculate the remainder when 228084 is divided by 57019.
8
Calculate the remainder when 13917 is divided by 1986.
15
What is the remainder when 28383 is divided by 267?
81
Calculate the remainder when 21568 is divided by 7187.
7
What is the remainder when 482427 is divided by 4873?
0
Calculate the remainder when 30793 is divided by 154.
147
Calculate the remainder when 10915 is divided by 232.
11
Calculate the remainder when 2671 is divided by 787.
310
Calculate the remainder when 14757 is divided by 4.
1
Calculate the remainder when 2252 is divided by 108.
92
Calculate the remainder when 993451 is divided by 601.
599
What is the remainder when 6033 is divided by 850?
83
Calculate the remainder when 3614 is divided by 1012.
578
Calculate the remainder when 32608 is divided by 323.
308
Calculate the remainder when 5256 is divided by 5027.
229
What is the remainder when 1397 is divided by 686?
25
Calculate the remainder when 15676 is divided by 5222.
10
Calculate the remainder when 69260 is divided by 37.
33
Calculate the remainder when 185913 is divided by 92942.
29
Calculate the remainder when 4627 is divided by 190.
67
What is the remainder when 10509 is divided by 320?
269
What is the re